e t(w).
5
Suppose 216 = 2*g - 11*g. Let a = g - -30. Let d(o) = 7 - o**3 - a*o**2 + 5*o + 0 + 2*o**3. Calculate d(5).
7
Let b(c) be the second derivative of 13/6*c**3 - 1 + 1/12*c**4 - 90*c + 17/2*c**2. Let f = 15 - 27. Give b(f).
5
Let t(a) be the second derivative of a**5/10 - 3*a**4/2 - 3*a**3 - 23*a**2/2 + 1684*a. What is t(10)?
-3
Let u = 0 - -9. Let c(t) be the second derivative of t**3/3 - 6*t**2 + 36*t - 2969. Calculate c(u).
6
Let v(u) = -10172*u**3 + 10173*u**3 + u + 12 - 14 - u**2 - 2*u. Calculate v(3).
13
Let m(r) be the third derivative of 1/2*r**3 + 53*r**2 + 0 + 0*r - 5/12*r**4. Calculate m(2).
-17
Let m(s) = 4*s - s**3 + 2*s**3 + 12*s**2 + s**2 - 7*s**2. Let v(a) = -a**3 - 11*a**2 + a + 6. Let g be v(-11). What is m(g)?
5
Let a(w) = w**3 + 11*w**2 + 27*w + 84. Let z be a(-9). Let x(i) be the second derivative of 0 - 2/3*i**z - 2*i + 5/2*i**2. Give x(4).
-11
Let n(h) be the first derivative of h**6/360 + 11*h**5/120 + 11*h**4/24 + h**3 - 2*h - 38. Let u(v) be the third derivative of n(v). What is u(-10)?
1
Suppose 0 = 3*z + 8*z - 121. Let i(q) = -1 + 1 - 2 + 3 + 2*q. Let d(j) = 3*j + 2. Let f(n) = z*i(n) - 6*d(n). Give f(-1).
-5
Let b(m) = 0*m + m**2 - 5*m - 1 - 6. Suppose -9*h = -6*h, 64 = 2*p + 2*h. Suppose 20*w + q - p = 15*w, 5*w - 3*q - 44 = 0. What is b(w)?
7
Let n(q) be the second derivative of 19*q**3/6 - 191*q**2/2 - 1927*q. Give n(10).
-1
Let g(a) be the first derivative of 17*a**2/2 + a - 2. Suppose 4*h = 45*q - 38*q + 15, 0 = -q - h + 1. Give g(q).
-16
Let t(d) = d**2 - 4. Let c be t(-4). Let w(l) = l**2 - l + 3. Let y(h) = 7*h**2 - 17*h + 12. Let b(a) = 6*w(a) - y(a). Determine b(c).
-6
Suppose w + 13 - 10 + 4 = 0, 4*a - 5*w = 59. Let d(j) = 2*j + 3 + 0*j - 2 - j. Calculate d(a).
7
Let t(x) = -8*x - 50. Let d be t(-7). Let q(l) = l**2. Let m(a) = -3*a**2 - 3*a + 5. Let f(n) = -m(n) - 4*q(n). What is f(d)?
-23
Let x(n) = -n**3 + 78*n**2 - 248*n + 13166. Let f be x(77). Let b(r) = -r + 4*r + 2*r. Determine b(f).
-5
Let f(n) = -2*n**3 - 9*n**2 + 11*n - 9. Let c(z) = z**3 + 9*z**2 - 10*z + 8. Let a(h) = 3*c(h) + 2*f(h). Let x be ((-784)/(-441))/(48/216). What is a(x)?
6
Suppose -4*j + a - 32 = 0, 2*j = 5*j - 4*a + 37. Let o be 6 + 0 + j - -1. Let q(n) = n - 8. Give q(o).
-8
Suppose 0 = k + 5*t + 6, -4*k - 4*t + 6 + 2 = 0. Let c(n) be the first derivative of 1/3*n**3 - 2*n**2 - 5*n + 279. Give c(k).
-5
Suppose 63 = 6*u - 75. Suppose 6*y - 2*y = 3*l - u, -4*y = l + 19. Let z(t) be the third derivative of -t**5/60 - t**4/4 - 5*t**3/6 + t**2. Determine z(y).
0
Let c(p) be the third derivative of p**6/120 + 13*p**5/60 + 13*p**4/24 - 3*p**3/2 + 12*p**2 - 53*p. Calculate c(-12).
-21
Let m(d) = 231*d**3 + d + 1. Let a be m(-1). Let l = a + 235. Let i(t) = t**2 - 3*t. Calculate i(l).
4
Let h(r) be the second derivative of -2*r**3/3 - 25*r**2 - 5720*r. Determine h(-9).
-14
Let x(r) = -r + 6. Let n = -3 - -22. Let f = 21 - n. Suppose 0*q + f*q - 12 = 0. Calculate x(q).
0
Suppose 49*m - 98*m + 8 = -48*m. Let i(s) = -s**3 + 5*s**2 + 19*s - 9. Give i(m).
-49
Let z(h) = h**2 - 1. Let y be z(4). Let l(u) = y*u**3 - u**3 - u**2 + 2*u**2. Let k be (-2151)/(-956) + (-20)/16. What is l(k)?
15
Let z be (25/((-2000)/(-96)))/(33/(-30) + 1). Let i(f) = 4*f + 42. Determine i(z).
-6
Suppose -10 = -2*h + 2. Suppose -212 = -10*l + h*l. Let n = 51 - l. Let q(m) = 2*m**2 - m. What is q(n)?
10
Let g be (4 - 0) + (-5 - 6/(-2)). Let d(w) = 27*w**2 + 4 - 41*w - 3 + 40*w - g. Give d(-1).
27
Let x(z) = -26 + 4*z - 40 - 31 - 2*z**2 + 92 - 3*z**2. What is x(3)?
-38
Let y(j) be the second derivative of j**6/360 + j**5/120 + j**4/24 - j**3 + j**2/2 + 11*j - 3. Let g(h) be the second derivative of y(h). Give g(-2).
3
Let p(x) = 18*x**2 - 11*x + 3. Let n be p(1). Let q(g) = -14*g - 7*g - 14*g + 49*g - 22 - n*g. What is q(5)?
-2
Let p(k) = 14*k - 673. Let b(w) = -20*w + 1347. Let f(v) = 6*b(v) + 11*p(v). Determine f(-20).
-1
Let s = 12 + -12. Let w be (1 - (-3 - -2))*1. Let t(x) = 3 + x + x**w + 3 - 13. Give t(s).
-7
Let m(u) = u**3 - u**2 + 2. Let g be 2*(-4)/(16/(-916)). Let n = -458 + g. Determine m(n).
2
Let d(h) = -h**3 + 15*h**2 - 14*h + 8. Let o = 725 - 728. Let s be (-4)/8*o + 50/4. Determine d(s).
8
Let j(k) = -24*k**2 - 62*k + 153. Let p(y) = -11*y**2 - 31*y + 79. Let n(x) = -6*j(x) + 13*p(x). Calculate n(27).
1
Suppose 2*n - 8*l + 62 = 0, 4*n + 9 = l + 20. Let d(m) = m**3 - 6*m**2 + 21*m - 89. Calculate d(n).
-9
Let g(m) be the second derivative of 16*m + 1/30*m**5 + 1/2*m**3 - 1/12*m**4 + 0*m**2 + 0. Let y(l) be the second derivative of g(l). Determine y(-6).
-26
Let c = -56 + 58. Let d = c - -2. Let v(n) be the second derivative of -n**4/12 + n**3/3 - 2*n**2 + 20*n. Calculate v(d).
-12
Let v(t) = 141*t - 3*t**2 + 7*t**2 - 12 + t**2 - 129*t + 2*t**2. Give v(1).
7
Let h(b) = -6*b + 70. Let r be h(9). Let w(c) = 35*c - r*c - 9 - 17*c. Suppose 32 = k + 3*k. What is w(k)?
7
Let p(o) be the first derivative of 3*o**2/2 + 5*o + 34. Suppose -4*y = 61*v - 62*v - 17, -6 = -2*v. Calculate p(y).
20
Let f(k) = 3*k - 2. Let l = -227 - -230. Suppose -10 = 5*a + 2*b, 0*a = -5*a - l*b - 5. Give f(a).
-14
Suppose 22 = -29*k + 80. Let c(z) = 19*z - 26*z - 3 + 0 + 11*z. Give c(k).
5
Let v(q) = -q - 5. Let b = -184 + 367. Let x = 183 - b. What is v(x)?
-5
Let k(z) be the second derivative of -23*z**3/2 - 485*z**2/2 + 165*z - 6. Calculate k(-7).
-2
Let k(r) = -r**2 + 8*r - 3. Let j(f) = 1 - 1719*f**3 + 1720*f**3 + 19*f**2 - 3. Let x be j(-19). Let b be 3*4/3 - (x - 0). Determine k(b).
9
Suppose -2*w + z = 44, 0*w - 2*w - 48 = -2*z. Let a = -16 - w. Suppose a*v + 5 = -23. Let i(n) = n + 10. Give i(v).
3
Suppose 4*b = -1 + 5. Let z(n) = -35*n + b + 1 + 34*n - 3. What is z(-3)?
2
Let m(n) be the second derivative of -n**3/6 - n**2 - 1167*n. Let c be -4*((-15)/(-6) + -3). What is m(c)?
-4
Let t(f) = 5*f - 1. Let i = 2688 - 2689. Give t(i).
-6
Let s(o) = -o**2 - 9*o - 2. Let b(z) = -23*z + 1306. Let f be b(57). What is s(f)?
18
Let y(v) be the third derivative of v**6/120 - v**5/15 + v**4/8 + v**3/3 + 9*v**2 - 216*v - 1. Determine y(3).
2
Let s = 274 - 279. Let m(x) = -x**3 - 6*x**2 - 2*x + 8. Calculate m(s).
-7
Let v(f) = 8*f**3 + 111*f**2 - 23*f - 140. Let n(k) = k**3 + 16*k**2 - 3*k - 20. Let b(q) = 15*n(q) - 2*v(q). What is b(18)?
-2
Let r(u) = u - 33. Let o be (48 - 47) + (-29)/(-1). Calculate r(o).
-3
Let s(w) = w**3 - 3*w**2 - 28*w + 59. Suppose 73 = 96*l - 119. Determine s(l).
-1
Let k(t) = 2*t**3 - 31*t**2 + 124*t - 69. Let b be k(9). Let f(u) = u**3 - u**2 + u + 1. Let i(r) = -6*r**3 - 16. Let d(a) = -5*f(a) - i(a). Determine d(b).
5
Let i(w) be the first derivative of -9*w**2/2 + 80*w + 889. Determine i(8).
8
Let f(r) = r**2 + 127*r - 799. Let z be f(6). Let j(h) = 12*h**3 - h**2 - 3*h - 3. Give j(z).
-13
Let q(b) be the third derivative of -13*b**5/60 + b**4/24 + 5*b**3/6 + 2*b**2 - 546*b. Determine q(-1).
-9
Let l(c) be the second derivative of -c**5/20 + c**4/4 - c**3/2 + 7*c**2/2 - 4*c + 49. Give l(3).
-2
Let p(k) = -k**2 - 1. Let c(y) = -2*y**2 - y - 1. Let t(h) = 2*c(h) - 6*p(h). Let x = 35 + -33. Give t(x).
8
Let m(i) = -i**3 - 4*i**2 + i + 9. Suppose -402*j + 406*j - 84 = 0. Let o be (28/j)/(6/(-18)). What is m(o)?
5
Let p(w) = -w**3 - w**2 + w - 7. Let n = 25 - 22. Suppose 3*i - 2*i + 9 = -3*g, g = -n. Give p(i).
-7
Suppose -207*x = -269*x + 271 + 411. Let y(v) = v**2 - 13*v + 29. Calculate y(x).
7
Let b(j) be the first derivative of 15*j**2/2 + 183*j - 4794. Determine b(-13).
-12
Let r(a) = -a**2 + 255*a + 3489. Let j be r(-13). Let g(c) = c**3 - 6*c**2 + 4*c + 6. Calculate g(j).
1
Let x(g) be the third derivative of -g**4/3 - 9*g**3 - 87*g**2 + 6*g. Give x(-8).
10
Let k(x) = 13 + 1365*x + 38 - 1361*x. What is k(-12)?
3
Let z(k) = -k + 3*k - 3*k - k + 11. Let g be ((-556)/973)/(3/(-42)). Determine z(g).
-5
Let z be 4/(-6) + (13 - (-680)/(-51)). Let h(m) = 10*m**2 - m - 1. What is h(z)?
10
Let j(i) = i - 4. Let x(s) = -s + 2. Let u = 34 + -40. Let o(w) = u*x(w) - 3*j(w). Give o(-3).
-9
Let m(i) = 2*i + 1. Let n(z) = -z**3 + 4*z**2 - 6*z + 12. Let y(h) = 2*m(h) - n(h). Determine y(2).
2
Let t(i) = -i**3 - 45*i**2 - 235*i - 68. Let k be t(-39). Let f(s) = -s**2 - 26*s + 72. Determine f(k).
-15
Let o(h) be the first derivative of -97 - 1/2*h**2 - 3*h - 2